
False
Does 31 divide 63643?
True
Is 58476 a multiple of 22?
True
Is 8 a factor of 13960?
True
Is 588 a multiple of 6?
True
Is 45 a factor of 1575?
True
Is 78570 a multiple of 10?
True
Is 33 a factor of 5544?
True
Is 44 a factor of 16225?
False
Is 405 a multiple of 9?
True
Does 2 divide 546?
True
Is 75 a factor of 13604?
False
Is 10 a factor of 7630?
True
Is 30 a factor of 1230?
True
Is 8854 a multiple of 126?
False
Is 32 a factor of 5427?
False
Is 67 a factor of 27962?
False
Does 20 divide 36199?
False
Is 6419 a multiple of 131?
True
Is 110 a multiple of 5?
True
Is 18 a factor of 3564?
True
Is 3267 a multiple of 9?
True
Is 120868 a multiple of 48?
False
Is 23 a factor of 17572?
True
Is 3582 a multiple of 199?
True
Is 36 a factor of 1144?
False
Is 682 a multiple of 22?
True
Is 1840 a multiple of 16?
True
Is 25 a factor of 190?
False
Is 9005 a multiple of 5?
True
Does 13 divide 270?
False
Is 280 a multiple of 7?
True
Does 14 divide 1216?
False
Is 158 a multiple of 37?
False
Is 375 a multiple of 25?
True
Is 63 a factor of 1238?
False
Is 15537 a multiple of 67?
False
Is 3990 a multiple of 57?
True
Is 90 a multiple of 45?
True
Does 283 divide 56641?
False
Is 504 a multiple of 7?
True
Is 16 a factor of 92501?
False
Is 24324 a multiple of 14?
False
Is 9 a factor of 502?
False
Does 25 divide 3050?
True
Is 1713 a multiple of 6?
False
Does 11 divide 1046?
False
Is 44 a factor of 3212?
True
Is 37536 a multiple of 24?
True
Does 3 divide 372?
True
Is 2 a factor of 663?
False
Is 147 a multiple of 21?
True
Does 4 divide 5062?
False
Does 163 divide 42217?
True
Is 32 a factor of 1120?
True
Is 9504 a multiple of 96?
True
Does 12 divide 9552?
True
Does 68 divide 61255?
False
Does 6 divide 132?
True
Is 121 a factor of 50941?
True
Does 8 divide 4776?
True
Is 148 a factor of 3256?
True
Does 13 divide 299?
True
Is 7028 a multiple of 8?
False
Is 775 a multiple of 5?
True
Is 11106 a multiple of 7?
False
Is 2 a factor of 36?
True
Does 4 divide 173?
False
Is 30875 a multiple of 23?
False
Is 178 a factor of 51703?
False
Is 268 a factor of 2546?
False
Is 645 a multiple of 15?
True
Does 11 divide 233?
False
Is 5394 a multiple of 58?
True
Is 69 a multiple of 2?
False
Is 18 a factor of 1404?
True
Does 14 divide 1316?
True
Is 4 a factor of 179?
False
Is 78 a factor of 26364?
True
Is 14160 a multiple of 16?
True
Does 15 divide 5160?
True
Is 291 a multiple of 9?
False
Is 16 a factor of 62656?
True
Is 18 a factor of 23886?
True
Is 100 a multiple of 4?
True
Is 2124 a multiple of 32?
False
Is 405 a multiple of 33?
False
Is 24756 a multiple of 21?
False
Is 92 a multiple of 47?
False
Is 4 a factor of 19?
False
Does 6 divide 357?
False
Does 3 divide 408?
True
Is 52 a factor of 5044?
True
Does 201 divide 5427?
True
Is 16744 a multiple of 22?
False
Does 17 divide 93046?
False
Is 9 a factor of 17991?
True
Is 11 a factor of 308?
True
Is 166 a multiple of 31?
False
Is 27 a factor of 751?
False
Does 8 divide 56?
True
Does 32 divide 12320?
True
Is 11 a factor of 2148?
False
Is 3096 a multiple of 17?
False
Is 3662 a multiple of 87?
False
Does 9 divide 603?
True
Is 9 a factor of 585?
True
Is 1386 a multiple of 73?
False
Does 57 divide 57?
True
Is 3 a factor of 613?
False
Does 194 divide 6014?
True
Is 20 a factor of 30200?
True
Does 33 divide 1724?
False
Is 15 a factor of 388?
False
Does 263 divide 8764?
False
Does 11 divide 2894?
False
Is 14347 a multiple of 48?
False
Does 8 divide 22520?
True
Is 36 a factor of 1062?
False
Does 17 divide 6171?
True
Does 15 divide 6753?
False
Is 16 a factor of 3585?
False
Is 4 a factor of 1744?
True
Is 43 a factor of 23650?
True
Is 408 a multiple of 8?
True
Is 34 even?
True
Is 46956 a multiple of 130?
False
Is 783 a multiple of 35?
False
Does 116 divide 5916?
True
Does 23 divide 3358?
True
Is 10553 a multiple of 61?
True
Is 7 a factor of 12528?
False
Does 28 divide 2660?
True
Is 42 a factor of 10401?
False
Is 7640 a multiple of 16?
False
Is 149 a multiple of 13?
False
Is 44 a factor of 605?
False
Is 18 a factor of 1512?
True
Does 38 divide 646?
True
Does 3 divide 280?
False
Is 4 a factor of 75?
False
Is 7 a factor of 174?
False
Is 117 a factor of 11596?
False
Does 160 divide 16320?
True
Is 18022 a multiple of 217?
False
Is 32 a factor of 1472?
True
Is 16 a factor of 543?
False
Is 27 a factor of 2770?
False
Is 1300 a multiple of 10?
True
Does 18 divide 324?
True
Is 981 a multiple of 3?
True
Is 2032 a multiple of 16?
True
Does 5 divide 664?
False
Is 66 a factor of 1386?
True
Is 36 a factor of 30058?
False
Does 45 divide 14813?
False
Is 84936 a multiple of 125?
False
Is 2574 a multiple of 78?
True
Does 68 divide 9996?
True
Does 39 divide 1482?
True
Is 21 a factor of 4305?
True
Is 57 a factor of 46247?
False
Does 35 divide 987?
False
Is 33 a multiple of 24?
False
Does 7 divide 5247?
False
Is 181 a factor of 3302?
False
Does 58 divide 103356?
True
Is 9 a factor of 1434?
False
Is 1908 a multiple of 53?
True
Is 26 a factor of 46542?
False
Is 33 a factor of 1023?
True
Is 550 a multiple of 5?
True
Does 7 divide 17976?
True
Is 440 a multiple of 10?
True
Is 402 a multiple of 12?
False
Is 34 a factor of 1258?
True
Is 305 a multiple of 15?
False
Does 95 divide 4085?
True
Is 13 a factor of 689?
True
Is 495 a multiple of 45?
True
Does 10 divide 145047?
False
Is 76 a multiple of 10?
False
Does 246 divide 18756?
False
Does 6 divide 8548?
False
Does 79 divide 18747?
False
Does 97 divide 26869?
True
Is 6 a factor of 372?
True
Is 9 a factor of 342?
True
Is 9067 a multiple of 6?
False
Is 5 a factor of 582?
False
Is 4944 a multiple of 206?
True
Is 95 a factor of 15291?
False
Does 17 divide 272?
True
Is 6 a factor of 2466?
True
Does 17 divide 1492?
False
Is 56 a factor of 39040?
False
Is 4143 a multiple of 17?
False
Does 142 divide 11020?
False
Does 13 divide 15875?
False
Is 29316 a multiple of 159?
False
Is 32 a factor of 1216?
True
Is 3945 a multiple of 15?
True
Does 10 divide 14250?
True
Is 7195 a multiple of 143?
False
Does 3 divide 8343?
True
Is 1622 a multiple of 26?
False
Is 70 a factor of 18942?
False
Does 10 divide 14930?
True
Is 22506 a multiple of 33?
True
Is 177 a multiple of 3?
True
Is 52704 a multiple of 24?
True
Is 9 a factor of 25866?
True
Does 19 divide 11369?
False
Is 141 a factor of 4512?
True
Is 8335 a multiple of 155?
False
Does 14 divide 1252?
False
Does 253 divide 15180?
True
Does 35 divide 14392?
False
Is 620 a multiple of 12?
False
Is 848 a multiple of 53?
True
Is 51728 a multiple of 488?
True
Is 169 a multiple of 37?
False
Is 4092 a multiple of 132?
True
Is 11 a factor of 539?
True
Does 9 divide 227?
False
Is 11 a factor of 13695?
True
Is 4257 a multiple of 19?
False
Is 134 a factor of 6700?
True
Is 13 a factor of 1885?
True
Is 80 a multiple of 20?
True
Is 2 a factor of 1138?
True
Is 2 a factor of 4375?
False
Is 4620 a multiple of 132?
True
Does 8 divide 1296?
True
Does 4 divide 4110?
False
Does 12 divide 5400?
True
Does 17 divide 9486?
True
Is 4224 a multiple of 12?
True
Is 58 a factor of 14662?
False
Is 54 a factor of 1622?
False
Does 66 divide 43343?
False
Is 59 a factor of 62422?
True
Does 89 divide 34185?
False
Is 384 a multiple of 12?
True
Is 9 a factor of 563?
False
Does 28 divide 448?
True
Is 7505 a multiple of 24?
False
Is 29730 a multiple of 6?
True
Is 15 a factor of 8408?
False
Does 12 divide 1728?
True
Does 8 divide 321?
False
Is 13 a factor of 788?
False
Does 6 divide 996?
True
Does 3 divide 70?
False
Is 14 a factor of 238?
True
Does 23 divide 101?
False
Does 49 divide 588?
True
Is 59 a factor of 7434?
True
Is 4447 a multiple of 10?
False
Does 33 divide 8583?
False
Is 2870 a multiple of 161?
False
Is 16 a factor of 10880?
True
Is 2 a factor of 192?
True
Is 1206 a multiple of 9?
True
Is 41775 a multiple of 12?
False
Is 14763 a multiple of 18?
False
Is 3133 a multiple of 19?
False
Is 13 a factor of 65?
True
Is 57218 a multiple of 61?
True
Is 38 a factor of 96718?
False
Is 1404 a multiple of 16?
False
Is 1706 a multiple of 27?
False
Is 48 a factor of 2010?
False
Is 6 a factor of 554?
False
Is 31 a factor of 29617?
False
Is 41340 a multiple of 6?
True
Is 25 a factor of 1975?
True
Is 54 a multiple of 6?
True
Does 26 divide 12116?
True
Does 13 divide 442?
True
Does 24 divide 35682?
False
Is 29701 a multiple of 139?
False
Is 111 a multiple of 5?